 is divided by 74.
16
What is the remainder when 62 is divided by 18?
8
Calculate the remainder when 100 is divided by 59.
41
What is the remainder when 2165 is divided by 62?
57
What is the remainder when 114 is divided by 8?
2
What is the remainder when 55 is divided by 17?
4
Calculate the remainder when 246 is divided by 42.
36
What is the remainder when 494 is divided by 277?
217
Calculate the remainder when 388 is divided by 30.
28
What is the remainder when 74 is divided by 10?
4
What is the remainder when 956 is divided by 478?
0
Calculate the remainder when 323 is divided by 4.
3
What is the remainder when 881 is divided by 87?
11
Calculate the remainder when 1596 is divided by 50.
46
Calculate the remainder when 341 is divided by 106.
23
What is the remainder when 234 is divided by 126?
108
What is the remainder when 76 is divided by 42?
34
What is the remainder when 68 is divided by 49?
19
Calculate the remainder when 1319 is divided by 44.
43
What is the remainder when 667 is divided by 42?
37
Calculate the remainder when 605 is divided by 16.
13
Calculate the remainder when 143 is divided by 72.
71
Calculate the remainder when 982 is divided by 30.
22
What is the remainder when 246 is divided by 16?
6
What is the remainder when 1236 is divided by 88?
4
What is the remainder when 2830 is divided by 16?
14
What is the remainder when 84 is divided by 15?
9
Calculate the remainder when 438 is divided by 216.
6
Calculate the remainder when 142 is divided by 17.
6
Calculate the remainder when 125 is divided by 52.
21
What is the remainder when 73 is divided by 10?
3
What is the remainder when 2109 is divided by 47?
41
What is the remainder when 4168 is divided by 139?
137
What is the remainder when 295 is divided by 146?
3
What is the remainder when 83 is divided by 44?
39
Calculate the remainder when 1262 is divided by 37.
4
What is the remainder when 125 is divided by 18?
17
What is the remainder when 83 is divided by 8?
3
What is the remainder when 68 is divided by 15?
8
What is the remainder when 398 is divided by 19?
18
Calculate the remainder when 231 is divided by 61.
48
What is the remainder when 4515 is divided by 119?
112
Calculate the remainder when 70 is divided by 37.
33
What is the remainder when 392 is divided by 12?
8
What is the remainder when 718 is divided by 320?
78
What is the remainder when 1205 is divided by 53?
39
What is the remainder when 4526 is divided by 71?
53
Calculate the remainder when 62 is divided by 5.
2
Calculate the remainder when 2247 is divided by 18.
15
What is the remainder when 4630 is divided by 41?
38
Calculate the remainder when 185 is divided by 178.
7
Calculate the remainder when 1030 is divided by 49.
1
What is the remainder when 292 is divided by 94?
10
What is the remainder when 54 is divided by 17?
3
Calculate the remainder when 6047 is divided by 48.
47
What is the remainder when 3477 is divided by 8?
5
What is the remainder when 36 is divided by 5?
1
What is the remainder when 67 is divided by 9?
4
What is the remainder when 1038 is divided by 261?
255
What is the remainder when 13025 is divided by 78?
77
What is the remainder when 660 is divided by 18?
12
Calculate the remainder when 60 is divided by 36.
24
What is the remainder when 116 is divided by 24?
20
What is the remainder when 12032 is divided by 7?
6
Calculate the remainder when 17545 is divided by 18.
13
What is the remainder when 16292 is divided by 50?
42
What is the remainder when 79 is divided by 27?
25
Calculate the remainder when 5021 is divided by 174.
149
Calculate the remainder when 292 is divided by 27.
22
Calculate the remainder when 1278 is divided by 32.
30
What is the remainder when 433 is divided by 5?
3
Calculate the remainder when 1715 is divided by 551.
62
What is the remainder when 4625 is divided by 2309?
7
What is the remainder when 3348 is divided by 134?
132
What is the remainder when 309 is divided by 48?
21
Calculate the remainder when 444 is divided by 21.
3
Calculate the remainder when 410 is divided by 14.
4
What is the remainder when 1607 is divided by 58?
41
What is the remainder when 799 is divided by 87?
16
Calculate the remainder when 435 is divided by 28.
15
What is the remainder when 924 is divided by 134?
120
What is the remainder when 2855 is divided by 18?
11
Calculate the remainder when 1602 is divided by 52.
42
Calculate the remainder when 157 is divided by 33.
25
Calculate the remainder when 1314 is divided by 22.
16
What is the remainder when 294 is divided by 77?
63
Calculate the remainder when 3166 is divided by 22.
20
Calculate the remainder when 606 is divided by 144.
30
Calculate the remainder when 80 is divided by 19.
4
What is the remainder when 28 is divided by 10?
8
What is the remainder when 52 is divided by 21?
10
What is the remainder when 243 is divided by 3?
0
Calculate the remainder when 239 is divided by 37.
17
Calculate the remainder when 70 is divided by 25.
20
Calculate the remainder when 428 is divided by 54.
50
What is the remainder when 38 is divided by 5?
3
Calculate the remainder when 662 is divided by 51.
50
What is the remainder when 967 is divided by 49?
36
Calculate the remainder when 371 is divided by 193.
178
What is the remainder when 3535 is divided by 61?
58
What is the remainder when 132 is divided by 44?
0
What is the remainder when 386 is divided by 59?
32
Calculate the remainder when 1852 is divided by 232.
228
Calculate the remainder when 302 is divided by 35.
22
What is the remainder when 65 is divided by 12?
5
What is the remainder when 78 is divided by 45?
33
Calculate the remainder when 3159 is divided by 109.
107
What is the remainder when 242 is divided by 183?
59
What is the remainder when 1847 is divided by 37?
34
Calculate the remainder when 101 is divided by 51.
50
What is the remainder when 657 is divided by 14?
13
What is the remainder when 694 is divided by 24?
22
What is the remainder when 83 is divided by 34?
15
What is the remainder when 84 is divided by 20?
4
Calculate the remainder when 201 is divided by 64.
9
Calculate the remainder when 298 is divided by 13.
12
Calculate the remainder when 191 is divided by 59.
14
What is the remainder when 220 is divided by 28?
24
Calculate the remainder when 5797 is divided by 363.
352
Calculate the remainder when 437 is divided by 10.
7
Calculate the remainder when 102 is divided by 50.
2
What is the remainder when 76 is divided by 16?
12
What is the remainder when 194 is divided by 13?
12
What is the remainder when 247 is divided by 27?
4
Calculate the remainder when 530 is divided by 19.
17
Calculate the remainder when 1674 is divided by 25.
24
Calculate the remainder when 361 is divided by 128.
105
Calculate the remainder when 3610 is divided by 21.
19
What is the remainder when 11 is divided by 3?
2
What is the remainder when 59 is divided by 8?
3
Calculate the remainder when 224 is divided by 69.
17
What is the remainder when 71 is divided by 16?
7
What is the remainder when 4355 is divided by 218?
213
Calculate the remainder when 30048 is divided by 10.
8
What is the remainder when 286 is divided by 46?
10
What is the remainder when 51 is divided by 22?
7
Calculate the remainder when 242 is divided by 81.
80
Calculate the remainder when 432 is divided by 54.
0
Calculate the remainder when 56 is divided by 39.
17
What is the remainder when 266 is divided by 135?
131
Calculate the remainder when 89 is divided by 39.
11
Calculate the remainder when 114 is divided by 44.
26
Calculate the remainder when 296 is divided by 20.
16
Calculate the remainder when 296 is divided by 47.
14
Calculate the remainder when 7348 is divided by 70.
68
What is the remainder when 166 is divided by 19?
14
What is the remainder when 748 is divided by 7?
6
What is the remainder when 1015 is divided by 1015?
0
What is the remainder when 341 is divided by 32?
21
What is the remainder when 1040 is divided by 19?
14
What is the remainder when 515 is divided by 4?
3
Calculate the remainder when 131 is divided by 66.
65
What is the remainder when 88 is divided by 44?
0
What is the remainder when 740 is divided by 729?
11
Calculate the remainder when 50 is divided by 18.
14
Calculate the remainder when 307 is di